b. Is q prime?
False
Suppose -2*u = -2*j - 3638, -3*u - 18*j + 5447 = -19*j. Is u a composite number?
True
Let d(n) = -4*n**2 + 11*n + 31. Let g be d(-4). Let b = 276 + g. Is b prime?
True
Let s = 8 + -6. Suppose -2*j - 5*b + s = -11, 0 = -3*j - b. Is (j*3)/(33/(-407)) composite?
False
Let f(o) = -2*o - 22. Let h be f(-12). Suppose 3508 = 2*j + h*a, 2*a = -2*j - 2*a + 3502. Is j composite?
True
Suppose 3*f = -a + 68168, -4*a + 5 = -9*a. Is f a composite number?
True
Let x = 30050 + 40149. Is x prime?
True
Let t(q) = 0*q + 3*q + 4 + 0 + q + q**2. Let r be t(-4). Suppose r*k - v - 882 = 5, 3*v = 15. Is k prime?
True
Is -6 - ((-8384)/2 - 3) a composite number?
True
Let p = 46 + -133. Let b = 497 - 761. Let g = p - b. Is g a prime number?
False
Let t be (10/3 + -2)*12. Suppose 2*u = -2*z + 20, 0 = z - u + 5*u - t. Suppose z*s + 1655 = 13*s. Is s a composite number?
False
Let g(u) = 2138*u**2 - 48*u + 11. Is g(-4) composite?
True
Is -4 + 1 + 213928/52 a composite number?
False
Let y(l) = -3*l + 14. Suppose 24*i - 21 = 21*i. Let u be y(i). Let p(k) = -2*k**3 - k**2 - 2*k - 16. Is p(u) a composite number?
True
Suppose s - 3 = -3*r, 3*r + 0*r + 3 = -3*s. Suppose -2*c + 4*k - r*k = -110, -3*k + 248 = 4*c. Is c a prime number?
True
Suppose -569 = -f + 1598. Is f a prime number?
False
Suppose -2 = -8*b + 7*b. Suppose -2*l + 2176 = 4*c, 0 = -3*c - b*c + l + 2727. Is c a prime number?
False
Let w(d) = 155*d + 5. Let b(r) = 6*r**3 - 2*r + 1. Let p be b(1). Let l be w(p). Let o = l + -463. Is o composite?
False
Suppose 2992 = 3*b - 5228. Let u(a) = -a**2 - 10*a - 18. Let j be u(-5). Suppose 3*z - j*z + b = 0. Is z a composite number?
True
Let i(k) = -k**3 + 33*k**2 - 56*k + 5. Is i(31) a prime number?
True
Let b(r) = r**2. Let v(k) = -80*k**2 + 5*k + 5. Let u(z) = -2*b(z) - v(z). Is u(-2) a composite number?
False
Suppose -5*w + 0*w - 6 = -3*k, 0 = -2*w. Suppose -3*p + 3661 = 4*s, k*s + 3*p = 449 + 1374. Is s composite?
False
Suppose -1333 = -4*m + 7615. Is m a prime number?
True
Let b = -6 + 12. Let i(o) = -22*o + 3. Let r(j) = -23*j + 5. Let d(m) = -6*i(m) + 5*r(m). Is d(b) composite?
False
Let g(o) = 223*o**2 - 7 + 8 + 11*o**2. Let k(d) = -d + 7. Let u be k(6). Is g(u) prime?
False
Suppose 14*r - 20981 = 25597. Is r a composite number?
True
Suppose 4*r - 8 = -2*d, 0*r + 4*d - 4 = -4*r. Suppose 93 = r*l - 1404. Is l composite?
False
Let s be 1 - 52518/8 - 5/20. Is 2/(26248/s - -4) a composite number?
True
Let q be (-2)/(-4) + 14693/14. Suppose 4*n = -4*b - 193 + 993, 0 = 5*n - 5*b - q. Is n prime?
False
Let l be 0/(-1) + -1 + 1. Let v = -870 + 1088. Suppose l = 2*k + j - v - 163, -5*j = k - 186. Is k prime?
True
Suppose 0 = 25*j - 21*j + 2*g - 10146, -5*g = -j + 2564. Is j prime?
True
Let x(y) = 5*y**3 - 15*y**2 - 6*y + 1. Let a be x(11). Suppose -30*l = -25*l - a. Is l a composite number?
True
Suppose 5*l - 977 = -2*j, 3*l + j = -0*l + 587. Let z(k) = k**3 + k**2 - 5*k - 3. Let d be z(-3). Let f = d + l. Is f a prime number?
True
Let p = 11723 + -5922. Is p composite?
False
Suppose -71*q + 61*q = -14090. Is q a prime number?
True
Suppose -4*j = t - 1135, 853 = -4*t + 2*j + 5303. Is t composite?
True
Let c = -235 + 446. Is c prime?
True
Is (-68)/(-8)*2226/21 a composite number?
True
Suppose 64060 = 5*p - 20950. Is p a composite number?
True
Let j = 1562 - -93. Suppose k = -1, k - j = -4*b + 1108. Is b a composite number?
False
Let m = -5 - 4. Let b(h) be the second derivative of h**4/6 - h**3 - 5*h**2/2 + h + 8. Is b(m) composite?
False
Suppose 35*i = 425491 + 191804. Is i a composite number?
True
Let j(s) = -8*s**3 + 5*s**2 + 18*s + 1. Is j(-6) prime?
True
Suppose -4*l + 349 = -959. Suppose -h - h = x - 323, l = x + h. Is x a composite number?
False
Let p(b) = 2*b + 4. Let f be p(4). Suppose f = -u + 5*u. Suppose 5*m - 3*c = 2*c + 630, -4*c = u*m - 385. Is m a composite number?
False
Suppose 3*l + 3 = 0, 4*z + 6*l - 79647 = 9*l. Is z a prime number?
False
Let j(g) = -54*g - 21. Suppose 4*c = 0, 20 = -4*x - 0*x + 4*c. Is j(x) a prime number?
False
Let x(k) = -k**3 + 10*k**2 + 11*k - 6. Let r be x(11). Let i(p) = -2*p + 8. Let c be i(r). Let s = c + -9. Is s prime?
True
Let l(x) = -7*x + 28. Let j be l(4). Is j + -3 + (-80)/(-2) composite?
False
Let o(i) = 11*i**2 - 19*i - 191. Is o(-7) a prime number?
False
Let g be 1/(74/25 - 3). Let n = -22 - g. Suppose n*m - 159 = -0*m. Is m prime?
True
Let k = -71159 - -110152. Is k a prime number?
True
Let q(x) = 6*x + 314. Let n be q(0). Let s = n + 1745. Is s composite?
True
Let q be ((564/(-5))/(-2))/(14/70). Is q/4*(-84)/(-63) composite?
True
Suppose -j = 2, 9*z - 3*j - 74 = 5*z. Let r(i) = -i + 17. Let n be r(z). Suppose -3*h - 2*h + 55 = n. Is h a composite number?
False
Let t = 5 + -1. Let v(c) = 20*c. Let k be v(t). Suppose 0 = -j + 83 + k. Is j a prime number?
True
Is (30484/(-6))/(-4*(-1)/(-6)) prime?
True
Let f(o) = -3*o + 74. Let v(n) = -9*n + 221. Let j(s) = 7*f(s) - 2*v(s). Let y be j(0). Suppose -4*k + y = -72. Is k a prime number?
True
Let z(q) = -q**3 + 13*q**2 - 11*q - 8. Suppose -4*m - 27 = -75. Let k be z(m). Let f(o) = 4*o + 5. Is f(k) prime?
False
Suppose -2*h - 165 = -o, o + h - 171 = -3*h. Is o prime?
True
Let k(c) = 11*c - 52. Let i = -43 + 58. Is k(i) composite?
False
Suppose 10*n = 106021 + 129969. Is n prime?
True
Let n(v) be the second derivative of 41*v**4/12 - 5*v**3/6 - 5*v**2/2 - 6*v. Is n(-4) composite?
True
Let a = -1383 - -4976. Is a a prime number?
True
Let y = -50 - -56. Suppose -y*p - s + 1223 = -2*p, p = 3*s + 296. Is p a prime number?
False
Suppose -4*a + 2297 = -2603. Suppose 2*j - 3*k = 4*j - a, 2 = 2*k. Is j prime?
False
Let m(s) = s. Let f(l) = -126*l + 1. Let h(b) = f(b) + m(b). Let c = 1 - 3. Is h(c) a prime number?
True
Let f(t) = 16 - t**3 + 5*t + 6*t**2 - 17*t**2 - 2*t. Let w be f(-12). Suppose 4*i = -j + 207, -5*i + 140 = 3*j - w. Is i prime?
False
Suppose -5*o - 64 = -4*t + 33, 5*o = -3*t + 29. Let m = -14 + t. Suppose 3*k = m*k - 94. Is k a prime number?
False
Suppose 0 = -t + 5*z + 4287, 17*z = -4*t + 15*z + 17060. Is t composite?
True
Suppose c + 5*d + 19 = -3*c, -3*c + 2*d + 3 = 0. Let l be c/(-2) - (-3)/2. Suppose -2*h = -l*j - 13 + 265, 0 = -j + 2*h + 125. Is j prime?
True
Let i(h) = h**2 - 1. Let w(n) = -186*n**3 + 3*n**2 + 3*n - 5. Let j(k) = -4*i(k) + w(k). Is j(-2) a prime number?
False
Suppose -5*a + 3*a = -12. Is 5/((-15)/(-1896)) + -5 + a a composite number?
True
Suppose -2*a - 3*z + 104888 = 0, -5*a + 0*z + 262245 = -5*z. Is a a composite number?
True
Is 2 + 2 - (-1530 + 18/(-2)) composite?
False
Suppose -c + 4808 = -l, -4*c + 14359 = -5*l - 9682. Let k = -2824 - l. Is k composite?
True
Suppose q + k = 9542, 0*k = -q + 4*k + 9522. Suppose 4*d - q - 1090 = 0. Is d a prime number?
True
Let w(h) = 31*h**2 - 34*h - 34. Is w(15) a composite number?
True
Suppose -108954 = -4*m - z, 4*z + 38088 = 2*m - 16398. Is m a composite number?
False
Suppose -2*z - 4*n = 3 + 9, -2*z + n = -3. Suppose 14 = p + 5. Suppose z = p*x - 4*x - 415. Is x a prime number?
True
Suppose 5*a + 6005 = 5*s, 1268 = 2*s + a - 1140. Is s a prime number?
False
Suppose 0 = -8*o + 9*o + 3, 4*j - 9335 = o. Is j a composite number?
False
Let o = 17 + -15. Suppose 7301 = 5*p + o*z, -4121 = -5*p - 4*z + 3176. Suppose -2*a + p = a. Is a prime?
True
Suppose -7*g = -31353 - 2338. Is g a composite number?
False
Let v be (-530)/7 + 16/(-56). Let x be (188/(-16))/((-1)/v). Let l = -586 - x. Is l a prime number?
True
Let y be (-851 - (0 + 1))/1. Let x be (-12)/(-8)*y/(-9). Let f = -3 + x. Is f a prime number?
True
Let n(o) = o**2 + 11*o + 12. Let h be n(-10). Suppose -24 = -h*m + 6*y - y, -2*y = 8. Let d(z) = 72*z**2 + z - 3. Is d(m) composite?
True
Let q(w) = -3*w + 10. Suppose -2*j - 2 = 2*t, -11 = -4*t - 3*j + 2*j. Let s be q(t). Is s/(-4) + 102/4 prime?
False
Let x(v) = -v**2 + 10*v - 12. Let w be x(8). Let c be 5310/(-8) + w/(-16). Is (c/(-10))/(20/50) composite?
True
Let f(s) = 10*s**3 + 3*s**2 - 3*s + 1. Let b = -6 - -8. Is f(b) a prime number?
False
Let t = -40542 + 62204. Is t a prime number?
False
Let j(y) = -92*y. Let x be j(-3). Let g = 529 - x. Is g prime?
False
Let z = 146 - -241. Suppose y - z = 184. Is y prime?
True
Is (-152666)/((10/2)/(10/(-4))) prime?
True
Let b be (1 - -2) + (-1